{"id":251,"date":"2020-10-02T12:14:11","date_gmt":"2020-10-02T10:14:11","guid":{"rendered":"https:\/\/pjweb.iut-info-vannes.net\/pjweb_14\/?page_id=251"},"modified":"2021-02-15T17:25:29","modified_gmt":"2021-02-15T16:25:29","slug":"acces","status":"publish","type":"page","link":"https:\/\/ecolesaintebernadette.ovh\/?page_id=251","title":{"rendered":"Acc\u00e8s et Plan"},"content":{"rendered":"\t\t<div data-elementor-type=\"wp-page\" data-elementor-id=\"251\" class=\"elementor elementor-251\" data-elementor-settings=\"[]\">\n\t\t\t\t\t\t<div class=\"elementor-inner\">\n\t\t\t\t\t\t\t<div class=\"elementor-section-wrap\">\n\t\t\t\t\t\t\t<section class=\"elementor-section elementor-top-section elementor-element elementor-element-b4b08cb elementor-section-boxed elementor-section-height-default elementor-section-height-default\" data-id=\"b4b08cb\" data-element_type=\"section\">\n\t\t\t\t\t\t<div class=\"elementor-container elementor-column-gap-default\">\n\t\t\t\t\t\t\t<div class=\"elementor-row\">\n\t\t\t\t\t<div class=\"elementor-column elementor-col-100 elementor-top-column elementor-element elementor-element-7ac2160\" data-id=\"7ac2160\" data-element_type=\"column\">\n\t\t\t<div class=\"elementor-column-wrap elementor-element-populated\">\n\t\t\t\t\t\t\t<div class=\"elementor-widget-wrap\">\n\t\t\t\t\t\t<div class=\"elementor-element elementor-element-a50ef0d elementor-widget elementor-widget-text-editor\" data-id=\"a50ef0d\" data-element_type=\"widget\" data-widget_type=\"text-editor.default\">\n\t\t\t\t<div class=\"elementor-widget-container\">\n\t\t\t\t\t<div class=\"elementor-text-editor elementor-clearfix\"><p><span style=\"color: #012f6a;\">Situ\u00e9e \u00e0 l\u2019entr\u00e9e de la Presqu\u2019ile de Conleau, l\u2019\u00e9cole sainte Bernadette est proche des plages et des sentiers c\u00f4tiers du Golfe du Morbihan.<\/span><\/p><p style=\"text-align: left;\"><span style=\"color: #012f6a;\">Devant l\u2019\u00e9cole se situe un grand parking et un jardin en permaculture dans lequel parents et enfants ont plaisir \u00e0 se retrouver \u00e0 la sortie de l\u2019\u00e9cole.\u00a0<\/span><\/p><p style=\"text-align: left;\"><span style=\"color: #012f6a; font-size: 16px;\">Adresse\u00a0: rue s\u0153ur Odette Josse 56\u00a0000 Vannes<\/span><\/p><\/div>\n\t\t\t\t<\/div>\n\t\t\t\t<\/div>\n\t\t\t\t\t\t<\/div>\n\t\t\t\t\t<\/div>\n\t\t<\/div>\n\t\t\t\t\t\t\t\t<\/div>\n\t\t\t\t\t<\/div>\n\t\t<\/section>\n\t\t\t\t<section class=\"elementor-section elementor-top-section elementor-element elementor-element-f85b7e8 elementor-section-boxed elementor-section-height-default elementor-section-height-default\" data-id=\"f85b7e8\" data-element_type=\"section\">\n\t\t\t\t\t\t<div class=\"elementor-container elementor-column-gap-default\">\n\t\t\t\t\t\t\t<div class=\"elementor-row\">\n\t\t\t\t\t<div class=\"elementor-column elementor-col-100 elementor-top-column elementor-element elementor-element-4c7a309\" data-id=\"4c7a309\" data-element_type=\"column\">\n\t\t\t<div class=\"elementor-column-wrap elementor-element-populated\">\n\t\t\t\t\t\t\t<div class=\"elementor-widget-wrap\">\n\t\t\t\t\t\t<div class=\"elementor-element elementor-element-5067d9d elementor-widget elementor-widget-google_maps\" data-id=\"5067d9d\" data-element_type=\"widget\" data-widget_type=\"google_maps.default\">\n\t\t\t\t<div class=\"elementor-widget-container\">\n\t\t\t<div class=\"elementor-custom-embed\"><iframe frameborder=\"0\" scrolling=\"no\" marginheight=\"0\" marginwidth=\"0\" src=\"https:\/\/maps.google.com\/maps?q=Ecole%20Montessorri%20Vannes%20Sainte%20Bernadette&amp;t=m&amp;z=10&amp;output=embed&amp;iwloc=near\" title=\"Ecole Montessorri Vannes Sainte Bernadette\" aria-label=\"Ecole Montessorri Vannes Sainte Bernadette\"><\/iframe><\/div>\t\t<\/div>\n\t\t\t\t<\/div>\n\t\t\t\t\t\t<\/div>\n\t\t\t\t\t<\/div>\n\t\t<\/div>\n\t\t\t\t\t\t\t\t<\/div>\n\t\t\t\t\t<\/div>\n\t\t<\/section>\n\t\t\t\t\t\t<\/div>\n\t\t\t\t\t\t<\/div>\n\t\t\t\t\t<\/div>\n\t\t","protected":false},"excerpt":{"rendered":"<p>Situ\u00e9e \u00e0 l\u2019entr\u00e9e de la Presqu\u2019ile de Conleau, l\u2019\u00e9cole sainte Bernadette est proche des plages et des sentiers c\u00f4tiers du Golfe du Morbihan. Devant l\u2019\u00e9cole se situe un grand parking et un jardin en permaculture dans lequel parents et enfants ont plaisir \u00e0 se retrouver \u00e0 la sortie de l\u2019\u00e9cole.&nbsp; Adresse&nbsp;: rue s\u0153ur Odette Josse [&hellip;]<\/p>\n","protected":false},"author":1,"featured_media":0,"parent":0,"menu_order":0,"comment_status":"closed","ping_status":"closed","template":"","meta":[],"_links":{"self":[{"href":"https:\/\/ecolesaintebernadette.ovh\/index.php?rest_route=\/wp\/v2\/pages\/251"}],"collection":[{"href":"https:\/\/ecolesaintebernadette.ovh\/index.php?rest_route=\/wp\/v2\/pages"}],"about":[{"href":"https:\/\/ecolesaintebernadette.ovh\/index.php?rest_route=\/wp\/v2\/types\/page"}],"author":[{"embeddable":true,"href":"https:\/\/ecolesaintebernadette.ovh\/index.php?rest_route=\/wp\/v2\/users\/1"}],"replies":[{"embeddable":true,"href":"https:\/\/ecolesaintebernadette.ovh\/index.php?rest_route=%2Fwp%2Fv2%2Fcomments&post=251"}],"version-history":[{"count":8,"href":"https:\/\/ecolesaintebernadette.ovh\/index.php?rest_route=\/wp\/v2\/pages\/251\/revisions"}],"predecessor-version":[{"id":878,"href":"https:\/\/ecolesaintebernadette.ovh\/index.php?rest_route=\/wp\/v2\/pages\/251\/revisions\/878"}],"wp:attachment":[{"href":"https:\/\/ecolesaintebernadette.ovh\/index.php?rest_route=%2Fwp%2Fv2%2Fmedia&parent=251"}],"curies":[{"name":"wp","href":"https:\/\/api.w.org\/{rel}","templated":true}]}}