{"id":237,"date":"2020-10-01T18:32:58","date_gmt":"2020-10-01T16:32:58","guid":{"rendered":"https:\/\/pjweb.iut-info-vannes.net\/pjweb_14\/?page_id=237"},"modified":"2024-09-13T11:38:23","modified_gmt":"2024-09-13T09:38:23","slug":"inscription-2021-2022","status":"publish","type":"page","link":"https:\/\/ecolesaintebernadette.ovh\/?page_id=237","title":{"rendered":"Inscription 2025-2026"},"content":{"rendered":"\t\t<div data-elementor-type=\"wp-page\" data-elementor-id=\"237\" class=\"elementor elementor-237\" data-elementor-settings=\"[]\">\n\t\t\t\t\t\t<div class=\"elementor-inner\">\n\t\t\t\t\t\t\t<div class=\"elementor-section-wrap\">\n\t\t\t\t\t\t\t<section class=\"elementor-section elementor-top-section elementor-element elementor-element-d452589 elementor-section-boxed elementor-section-height-default elementor-section-height-default\" data-id=\"d452589\" data-element_type=\"section\">\n\t\t\t\t\t\t<div class=\"elementor-container elementor-column-gap-default\">\n\t\t\t\t\t\t\t<div class=\"elementor-row\">\n\t\t\t\t\t<div class=\"elementor-column elementor-col-50 elementor-top-column elementor-element elementor-element-66fea88\" data-id=\"66fea88\" data-element_type=\"column\">\n\t\t\t<div class=\"elementor-column-wrap elementor-element-populated\">\n\t\t\t\t\t\t\t<div class=\"elementor-widget-wrap\">\n\t\t\t\t\t\t<div class=\"elementor-element elementor-element-3b8e586 elementor-widget elementor-widget-spacer\" data-id=\"3b8e586\" data-element_type=\"widget\" data-widget_type=\"spacer.default\">\n\t\t\t\t<div class=\"elementor-widget-container\">\n\t\t\t\t\t<div class=\"elementor-spacer\">\n\t\t\t<div class=\"elementor-spacer-inner\"><\/div>\n\t\t<\/div>\n\t\t\t\t<\/div>\n\t\t\t\t<\/div>\n\t\t\t\t<div class=\"elementor-element elementor-element-87e47d9 elementor-widget elementor-widget-heading\" data-id=\"87e47d9\" data-element_type=\"widget\" data-widget_type=\"heading.default\">\n\t\t\t\t<div class=\"elementor-widget-container\">\n\t\t\t<h2 class=\"elementor-heading-title elementor-size-default\">Voila toutes les informations requises pour la rentr\u00e9e prochaine :<\/h2>\t\t<\/div>\n\t\t\t\t<\/div>\n\t\t\t\t<div class=\"elementor-element elementor-element-36ba97e elementor-widget elementor-widget-text-editor\" data-id=\"36ba97e\" data-element_type=\"widget\" data-widget_type=\"text-editor.default\">\n\t\t\t\t<div class=\"elementor-widget-container\">\n\t\t\t\t\t<div class=\"elementor-text-editor elementor-clearfix\"><p style=\"text-align: left;\"><span style=\"color: #012f6a;\">Si vous souhaitez inscrire votre enfant, la marche \u00e0 suivre est la suivante&nbsp;:<\/span><\/p>\n<p style=\"text-align: left;\"><span style=\"color: #012f6a;\">1\/ D\u00e8s \u00e0 pr\u00e9sent, compl\u00e9tez la fiche de renseignements pour une pr\u00e9-inscriptions, retournez-la par mail. Les pr\u00e9-inscriptions sont enregistr\u00e9es \u00e0 la date de r\u00e9ception de cette fiche.&nbsp;(<a style=\"color: #012f6a;\" href=\"mailto:eco56.stebe.vannes@e-c.bzh\"><strong>eco56.stebe.vannes@e-c.bzh<\/strong><\/a><strong> )<\/strong><\/span><\/p>\n<p style=\"text-align: left;\"><span style=\"color: #012f6a;\">2\/ Vous recevrez un mail de confirmation et vous serez contact\u00e9s par la direction pour organiser une rencontre avec le chef d&rsquo;\u00e9tablissement.<\/span><\/p>\n<p style=\"text-align: left;\"><span style=\"color: #012f6a; font-family: Roboto; font-size: 14px; font-style: normal; font-variant-ligatures: normal; font-variant-caps: normal; font-weight: 400;\">3\/ A l\u2019issue de cette rencontre, vous confirmerez ou non votre inscription pour la rentr\u00e9e scolaire suivante.<\/span><\/p>\n<p style=\"text-align: left;\"><span style=\"color: #012f6a;\">4\/ Si une place est disponible pour votre enfant, vous serez contact\u00e9s par la direction dans le courant du mois d\u2019avril.<\/span><\/p><\/div>\n\t\t\t\t<\/div>\n\t\t\t\t<\/div>\n\t\t\t\t\t\t<\/div>\n\t\t\t\t\t<\/div>\n\t\t<\/div>\n\t\t\t\t<div class=\"elementor-column elementor-col-50 elementor-top-column elementor-element elementor-element-20458f2\" data-id=\"20458f2\" data-element_type=\"column\">\n\t\t\t<div class=\"elementor-column-wrap elementor-element-populated\">\n\t\t\t\t\t\t\t<div class=\"elementor-widget-wrap\">\n\t\t\t\t\t\t<div class=\"elementor-element elementor-element-32e245a elementor-widget elementor-widget-image\" data-id=\"32e245a\" data-element_type=\"widget\" data-widget_type=\"image.default\">\n\t\t\t\t<div class=\"elementor-widget-container\">\n\t\t\t\t\t<div class=\"elementor-image\">\n\t\t\t\t\t\t\t\t\t\t<img width=\"683\" height=\"1024\" src=\"https:\/\/ecolesaintebernadette.ovh\/wp-content\/uploads\/2020\/10\/201006SBN_4JML2692-683x1024.jpg\" class=\"attachment-large size-large\" alt=\"\" loading=\"lazy\" srcset=\"https:\/\/ecolesaintebernadette.ovh\/wp-content\/uploads\/2020\/10\/201006SBN_4JML2692-683x1024.jpg 683w, https:\/\/ecolesaintebernadette.ovh\/wp-content\/uploads\/2020\/10\/201006SBN_4JML2692-200x300.jpg 200w, https:\/\/ecolesaintebernadette.ovh\/wp-content\/uploads\/2020\/10\/201006SBN_4JML2692-768x1152.jpg 768w, https:\/\/ecolesaintebernadette.ovh\/wp-content\/uploads\/2020\/10\/201006SBN_4JML2692-1024x1536.jpg 1024w, https:\/\/ecolesaintebernadette.ovh\/wp-content\/uploads\/2020\/10\/201006SBN_4JML2692-1365x2048.jpg 1365w, https:\/\/ecolesaintebernadette.ovh\/wp-content\/uploads\/2020\/10\/201006SBN_4JML2692-scaled.jpg 1707w\" sizes=\"(max-width: 683px) 100vw, 683px\" \/>\t\t\t\t\t\t\t\t\t\t\t<\/div>\n\t\t\t\t<\/div>\n\t\t\t\t<\/div>\n\t\t\t\t\t\t<\/div>\n\t\t\t\t\t<\/div>\n\t\t<\/div>\n\t\t\t\t\t\t\t\t<\/div>\n\t\t\t\t\t<\/div>\n\t\t<\/section>\n\t\t\t\t<section class=\"elementor-section elementor-top-section elementor-element elementor-element-59948fa elementor-section-boxed elementor-section-height-default elementor-section-height-default\" data-id=\"59948fa\" data-element_type=\"section\">\n\t\t\t\t\t\t<div class=\"elementor-container elementor-column-gap-default\">\n\t\t\t\t\t\t\t<div class=\"elementor-row\">\n\t\t\t\t\t<div class=\"elementor-column elementor-col-100 elementor-top-column elementor-element elementor-element-0085469\" data-id=\"0085469\" data-element_type=\"column\">\n\t\t\t<div class=\"elementor-column-wrap elementor-element-populated\">\n\t\t\t\t\t\t\t<div class=\"elementor-widget-wrap\">\n\t\t\t\t\t\t<div class=\"elementor-element elementor-element-b9bbf3c elementor-view-default elementor-position-top elementor-vertical-align-top elementor-widget elementor-widget-icon-box\" data-id=\"b9bbf3c\" data-element_type=\"widget\" data-widget_type=\"icon-box.default\">\n\t\t\t\t<div class=\"elementor-widget-container\">\n\t\t\t\t\t<div class=\"elementor-icon-box-wrapper\">\n\t\t\t\t\t\t<div class=\"elementor-icon-box-icon\">\n\t\t\t\t<a class=\"elementor-icon elementor-animation-\" href=\"https:\/\/ecolesaintebernadette.ovh\/wp-content\/uploads\/2023\/01\/fiche-de-renseignements.pdf\" target=\"_blank\">\n\t\t\t\t<i aria-hidden=\"true\" class=\"far fa-file-pdf\"><\/i>\t\t\t\t<\/a>\n\t\t\t<\/div>\n\t\t\t\t\t\t<div class=\"elementor-icon-box-content\">\n\t\t\t\t<h3 class=\"elementor-icon-box-title\">\n\t\t\t\t\t<a href=\"https:\/\/ecolesaintebernadette.ovh\/wp-content\/uploads\/2023\/01\/fiche-de-renseignements.pdf\" target=\"_blank\">Fiche de renseignement \u00e0 t\u00e9l\u00e9charger<\/a>\n\t\t\t\t<\/h3>\n\t\t\t\t\t\t\t<\/div>\n\t\t<\/div>\n\t\t\t\t<\/div>\n\t\t\t\t<\/div>\n\t\t\t\t\t\t<\/div>\n\t\t\t\t\t<\/div>\n\t\t<\/div>\n\t\t\t\t\t\t\t\t<\/div>\n\t\t\t\t\t<\/div>\n\t\t<\/section>\n\t\t\t\t\t\t<\/div>\n\t\t\t\t\t\t<\/div>\n\t\t\t\t\t<\/div>\n\t\t","protected":false},"excerpt":{"rendered":"<p>Voila toutes les informations requises pour la rentr\u00e9e prochaine : Si vous souhaitez inscrire votre enfant, la marche \u00e0 suivre est la suivante&nbsp;: 1\/ D\u00e8s \u00e0 pr\u00e9sent, compl\u00e9tez la fiche de renseignements pour une pr\u00e9-inscriptions, retournez-la par mail. Les pr\u00e9-inscriptions sont enregistr\u00e9es \u00e0 la date de r\u00e9ception de cette fiche.&nbsp;(eco56.stebe.vannes@e-c.bzh ) 2\/ Vous recevrez un [&hellip;]<\/p>\n","protected":false},"author":1,"featured_media":0,"parent":0,"menu_order":0,"comment_status":"closed","ping_status":"closed","template":"","meta":[],"_links":{"self":[{"href":"https:\/\/ecolesaintebernadette.ovh\/index.php?rest_route=\/wp\/v2\/pages\/237"}],"collection":[{"href":"https:\/\/ecolesaintebernadette.ovh\/index.php?rest_route=\/wp\/v2\/pages"}],"about":[{"href":"https:\/\/ecolesaintebernadette.ovh\/index.php?rest_route=\/wp\/v2\/types\/page"}],"author":[{"embeddable":true,"href":"https:\/\/ecolesaintebernadette.ovh\/index.php?rest_route=\/wp\/v2\/users\/1"}],"replies":[{"embeddable":true,"href":"https:\/\/ecolesaintebernadette.ovh\/index.php?rest_route=%2Fwp%2Fv2%2Fcomments&post=237"}],"version-history":[{"count":28,"href":"https:\/\/ecolesaintebernadette.ovh\/index.php?rest_route=\/wp\/v2\/pages\/237\/revisions"}],"predecessor-version":[{"id":1107,"href":"https:\/\/ecolesaintebernadette.ovh\/index.php?rest_route=\/wp\/v2\/pages\/237\/revisions\/1107"}],"wp:attachment":[{"href":"https:\/\/ecolesaintebernadette.ovh\/index.php?rest_route=%2Fwp%2Fv2%2Fmedia&parent=237"}],"curies":[{"name":"wp","href":"https:\/\/api.w.org\/{rel}","templated":true}]}}